 - (2 - 2) - 2 - 70. Let o = -55 - c. What is the remainder when 27 is divided by o?
12
Let d be 0/((-2 - -1) + -1). Suppose d = -4*i - 40 + 24. Calculate the remainder when -2 + (20 - (-3 - i)) is divided by 6.
5
Suppose 14 = -0*i + i + 5*h, 28 = i - 2*h. Let c = i - -73. Suppose -3*g + 8 = -c. Calculate the remainder when g is divided by 18.
17
Suppose 271 + 329 = 4*o. Let y be (4/(-5))/((-15)/o). Suppose y = r + 3. What is the remainder when r is divided by 2?
1
Let p = -346 + 367. Calculate the remainder when 56 is divided by p.
14
Suppose 8*c - 7*c - z = 100, 2*c + 5*z - 172 = 0. What is the remainder when c is divided by 59?
37
Suppose -5*g - 82*c + 86*c + 94 = 0, 20 = 5*c. What is the remainder when g is divided by (-21)/6*-4*1?
8
Let k(w) = 2*w**2 + 18*w - 32. What is the remainder when k(6) is divided by 76?
72
Suppose -46*d - 498 = -49*d. What is the remainder when d is divided by 51?
13
Let u(w) = 5*w - 8. Let a be u(6). Let n = a + -17. Suppose 0 = 4*i - n*b - 97, 0 = -3*i + 5*b + 79. What is the remainder when 33 is divided by i?
15
Let z(d) = d**2 + d - 2. Let y be z(3). Let w = y - -71. Suppose -4*m = 25 - w. Calculate the remainder when m is divided by 5.
4
Let j be ((-15)/(-12))/((-1)/(-4)). Suppose 0 = 3*b + 2*y - y - 80, -4*b - j*y = -125. Let t = -31 + 45. Calculate the remainder when b is divided by t.
11
Let t be (3 - (-60)/(-28))*7. Let r(s) = s - 1. Calculate the remainder when 7/(-21) + 40/3 is divided by r(t).
3
Suppose -181*c - 504 = -190*c. Calculate the remainder when 1958 is divided by c.
54
Let p(q) = -q**2 - 7*q - 8. Let w be p(-6). Let g be 3/(((-8)/w)/4). What is the remainder when (-1)/(g + (-660)/219) is divided by 19?
16
Suppose 10*w = 1070 + 240. What is the remainder when w is divided by 27?
23
Calculate the remainder when (393*(-6)/72)/(5/(-20)) is divided by 24.
11
Let y(m) = m**2 - 6. Let z be y(6). Suppose 2*p - v = -5*v + 88, p - z = 5*v. What is the remainder when p is divided by 11?
7
Let v(k) = -8*k**2 - 3*k + 4. Let d be v(1). Let q(s) = s + 15. Calculate the remainder when 15 is divided by q(d).
7
Calculate the remainder when -12*(-32)/(-60)*-20 is divided by 69.
59
Suppose 5 = 4*h - 3*h. Suppose 5*y = h*d - 35, 4*d + 4*y - 4 = -0*y. Suppose -d*b + 240 = b. Calculate the remainder when b is divided by 17.
14
Suppose -4*i + 125 = 5*m, -4*m - 3*i - 14 = -114. Suppose -l = 10 + m. Calculate the remainder when 41 is divided by 4/(-10) + (-784)/l.
19
What is the remainder when (-2)/((42/182)/(-3)) is divided by 2/4 + (-21)/(-6)?
2
Let u = 499 + -214. What is the remainder when u is divided by 48?
45
Let g be 6/(-1 - (-2)/8). Let t(q) = -17*q**2 - 10*q + 4. Let k be t(-2). Calculate the remainder when (-1)/(g/k)*-2 is divided by 4.
3
Let d = -4 - 6. Let m(x) = x**2 - 7*x + 8. Let s be m(d). Let a = 257 - s. Calculate the remainder when a is divided by 20.
19
Suppose -20*a = -16*a - 124. What is the remainder when 0 + -2 + 2 - -123 is divided by a?
30
Suppose -24 = -7*p + 4. Suppose 3*x + 3 = 0, 4*f - p*x + 3*x - 493 = 0. What is the remainder when f is divided by 42?
39
Suppose -7*f = 4*f - 8822. Calculate the remainder when f is divided by 67.
65
Suppose 4*k - 18 = 2*u, 3*k - 2 = -4*u + 6. Suppose 5 = 5*q, -2*g + k*g + 4*q = 60. Suppose g = -10*r + 12*r. What is the remainder when r is divided by 4?
2
Let r = -479 + 523. What is the remainder when 168 is divided by r?
36
Suppose -21*r + 1202 = -877. Calculate the remainder when r is divided by 17.
14
Let v = -8 + 32. Suppose -3*u - 4*c = -547, u + 2*c + 53 = 232. Calculate the remainder when u is divided by v.
21
Let s(x) = 10*x + 2. Let h be s(1). Suppose 5*q - 67 = -4*f, 5*q + f - 58 = -0*q. Calculate the remainder when q is divided by (-2*(-9)/h)/(2/8).
5
Suppose -64 = 15*w - 17*w. Calculate the remainder when 86 is divided by w.
22
Let o = 327 - -61. Calculate the remainder when o is divided by 7.
3
Let s(l) = 5*l**2 + 42*l - 7. What is the remainder when s(-9) is divided by 8?
4
Let i = -98 + 200. Let p = 67 - 45. What is the remainder when i is divided by p?
14
Let j(s) be the second derivative of s**4/4 + s**3/3 + s**2/2 - s. Let g = -629 - -711. What is the remainder when g is divided by j(2)?
14
What is the remainder when (7/42)/(15/35010) is divided by 66?
59
Suppose 0*l - 45 = -3*l. Suppose -9 = 4*c + 3*g, 0*c + 5*g + l = -c. Suppose -f + 5*f - 20 = c. What is the remainder when 8 is divided by f?
3
Suppose -62*x - 780 = -77*x. Calculate the remainder when 114 is divided by x.
10
Suppose u + 2*u - 354 = 5*p, -5*u - 2*p = -590. What is the remainder when u is divided by 11?
8
Let h be 4*-1*2/4. Let r be -10*h/(-8)*-2. Suppose -3*y + 67 = -g, -5*y + r*g - 30 = -155. Calculate the remainder when 60 is divided by y.
18
Suppose -52 = -4*f - 4*s, f - 5*s + 0*s + 11 = 0. What is the remainder when 232 is divided by f?
7
Suppose p + 2*w + 9 = -w, 19 = p - 4*w. Suppose 3*f + p*x + 77 = 215, 230 = 5*f - 3*x. What is the remainder when f is divided by 12?
10
Let p(n) = 3*n - 2. Let h(q) = -q**3 - 2*q**2 - q + 1. What is the remainder when p(4) is divided by h(-2)?
1
Let k = -58 - -126. What is the remainder when 10 is divided by k/(-51)*(-2 - 1)?
2
Let s(n) = n**3 + 6*n**2 - 5*n - 26. Let g be s(-6). Let m = 48 + g. What is the remainder when 204 is divided by m?
48
Let h(b) = 6*b. Suppose -117 = 5*y + 23. Let g = 97 + y. What is the remainder when g is divided by h(3)?
15
Let v = 110 - -2. Suppose -3*r = -3*j + 207, r = -4*j + 149 + v. Calculate the remainder when j is divided by 17.
15
Suppose -4*n + 2*m - 36 = -206, 4*n = -m + 173. Let q = n - 21. What is the remainder when q is divided by 12?
10
Let m(p) = 8*p**3 + 2*p**2 - 3*p - 3. Let i be m(-2). Let x = i - -146. Calculate the remainder when x is divided by 24.
21
Suppose -24 = -4*o + 24. Let r = o - 9. Suppose 0 = b - 0*b - r. Calculate the remainder when b is divided by 2.
1
Suppose 4*f = -2*f - 216. What is the remainder when ((f/(-5))/(-1))/(1/(-5)) is divided by 13?
10
Suppose 4 - 16 = -2*u. Suppose 18 = u*g - 0. Suppose 2*o + 3*o = b - 15, g*o = -5*b + 75. What is the remainder when b is divided by 4?
3
Let s(u) = u**2 + 10*u + 13. Let o be s(-9). Suppose 2*m - o*h - 66 = 0, 3*m - 2*m - 38 = 3*h. What is the remainder when 45 is divided by m?
22
Let k = 19 + 9. Let n = -27 + 45. Let f = 26 - n. Calculate the remainder when k is divided by f.
4
Let o(z) = z**2 - 20*z + 21. Let a be o(19). Suppose -a*h + 91 = 83. Calculate the remainder when 5 is divided by h.
1
Let n = 25 + -25. Let f = n - -4. What is the remainder when ((-14)/f)/((-9)/18) is divided by 5?
2
Let c(a) = a + 25. Suppose -4*l - 20 - 8 = 0. What is the remainder when 4/(-14) - 212/l is divided by c(-14)?
8
Suppose 2*p + 2*q = 294 + 326, q = -3*p + 920. What is the remainder when p is divided by 83?
56
Suppose -2*q + c = -445, -4*q - 3*c = -697 - 218. Calculate the remainder when q is divided by 39.
30
Let h(i) = 97*i**2 + 4*i - 12. What is the remainder when h(2) is divided by 100?
84
Suppose -i = -3*c + 253, 4*i + 40 = 24. What is the remainder when 326 is divided by c?
77
Let q = 934 - 853. Calculate the remainder when q is divided by 33.
15
Let r(p) = p**3 + 11*p**2 + 19*p + 11. Let t be r(-9). Suppose 2*o = -t*f + 22, -f + 2*f - 2*o - 23 = 0. What is the remainder when 44 is divided by f?
14
Suppose -y + 41 = -146. What is the remainder when y is divided by 19?
16
Let r = 1627 + -1603. Calculate the remainder when r is divided by 15.
9
Let q = -137 + 156. Calculate the remainder when q is divided by 10.
9
Let i = 205 - 141. Suppose 5*c + 11 = r, 2*r + 2 = 4. Calculate the remainder when i is divided by ((-26)/(-4))/((-1)/c).
12
Let y = 36 - 31. Suppose -21 = 2*w - y*w. What is the remainder when 13 is divided by w?
6
Let v(u) = 39*u - 481. Calculate the remainder when 191 is divided by v(14).
61
Suppose -2*t + 5*l = -0*t - 64, 4*t = 4*l + 128. What is the remainder when 94 is divided by t?
30
Let t = -174 + 187. What is the remainder when 54 is divided by t?
2
Let j(k) = -k**3 + 9*k**2 + 3*k - 15. Let i = -56 + 148. Suppose 3*w + w = i. Calculate the remainder when w is divided by j(9).
11
Let g = 44 - 47. What is the remainder when (243/15 - g)*15/2 is divided by 49?
46
Suppose 447 = 7*r - 1443. Suppose -7*t + r = 